nd o?
6
Let h(z) = 3 + 2 - 3*z + 7*z + 7 + 2*z. Let k be h(-1). Let t(u) = -5*u + 5. Let n be t(-5). Calculate the highest common factor of k and n.
6
Suppose 3*z + 2*z - 3*l - 78 = 0, -2*l = -4*z + 64. Suppose 2*x - 44 = 28. Calculate the highest common divisor of x and z.
18
Let c(j) = -6*j**3 - 4*j**2 + 5*j. Let g be c(-4). Let v be ((-2)/7 + 13/(-546)*128)*-12. What is the greatest common factor of v and g?
20
Suppose 4*i = 3*y + 7*i - 678, 5*i = 8*y - 1860. Suppose -74 = -2*b - 14. What is the highest common factor of y and b?
10
Let n be (-15)/3*16/(-10). Suppose 0 = 3*j - n*j + 45. Suppose -5*r + j*r = 92. What is the highest common factor of 23 and r?
23
Let u = -42 - -45. Suppose -u*x - x = -600. Suppose 2*h + o = 6*o + x, -4*o = h - 62. What is the greatest common divisor of 20 and h?
10
Let g = -24681 + 29488. Calculate the highest common divisor of g and 836.
209
Suppose -5*d + 10 = 0, 192 = p + 2*d - 0*d. Calculate the greatest common factor of p and 4.
4
Suppose -57*y + 2070 = -60*y. Let o = y - -726. Calculate the greatest common divisor of o and 636.
12
Let d(t) = -286*t - 1695. Let x be d(-6). Calculate the highest common factor of x and 2037.
21
Let a = -4 - -66. Let c = a + -69. Let p(j) = -j**3 - 8*j**2 - 11*j - 8. Let y be p(c). Calculate the greatest common factor of y and 4.
4
Let h(v) = -3*v**2 + 9*v + 4. Let w be h(3). Suppose w*t - 13*t = -1296. Calculate the greatest common factor of 18 and t.
18
Let l(b) = -72*b**3 - b**2 + 3*b + 4. Let z be l(-1). Suppose -44*g - 756 = -z*g. Calculate the greatest common divisor of g and 144.
9
Suppose j + o + 15 = 5*j, -3*j + 5*o = 10. Suppose 0 = -j*g + 272 + 428. Calculate the highest common factor of 28 and g.
28
Suppose 0 = -5*t - 4*g + 3539, -3*g = -4*t - g + 2852. Calculate the greatest common divisor of t and 18.
9
Suppose 0 = 4*b - 4*c - 3232, -11*b + 6*b - c + 4058 = 0. Let n = b - 541. Calculate the greatest common factor of n and 36.
18
Let y be (-6)/9 - (-3 + (-470)/(-6)). Let i = -74 - y. What is the greatest common divisor of i and 2?
2
Let x be (-118464)/(-1056) - 4/22. Suppose -2*i - 5*b = -308, 397 = 5*i - 2*b - 373. Calculate the highest common factor of x and i.
14
Suppose -24524 = -40*u + 49836. What is the greatest common divisor of u and 91?
13
Let b = 19191 - 15415. Calculate the greatest common factor of 320 and b.
64
Suppose -65*h + 574 = -401. What is the highest common factor of 75 and h?
15
Let h be -41 + 39 - (-2 - -1)/((-3)/(-324)). What is the greatest common divisor of 12 and h?
2
Let n be 2 + -1 - -19102 - (-284 + 279). What is the greatest common factor of n and 68?
68
Let w(o) = -541*o + 1. Let k be w(-5). Calculate the highest common factor of 33 and k.
33
Let z be (179 + -7 - 6)*201/6. Calculate the greatest common divisor of 83 and z.
83
Let z be (-66962)/(-48) + 88/(-2112). Calculate the greatest common divisor of z and 135.
45
Suppose 0 = 8*b - 4*b - 24. Let k(x) = -6*x - 93. Let c be k(-17). Let n be 3/c*b - -2. Calculate the highest common factor of n and 2.
2
Let z = -1462 + 2586. Calculate the greatest common factor of z and 8.
4
Suppose 255*s - 61372 - 24818 = 0. Suppose 92 = d + 14. Calculate the greatest common divisor of d and s.
26
Suppose -12*c - 683 = -971. Let o = 2 + 0. Let t be 219 - o*(-9)/(-6). What is the greatest common divisor of c and t?
24
Let h be (7 + -3)/(-8)*0. Suppose -4*a + d = -h*a - 269, -a = -d - 71. What is the greatest common divisor of a and 6?
6
Let s(z) = 390*z + 2438. Let l be s(-5). Calculate the greatest common factor of 72 and l.
8
Let s(j) = -251*j**3 + 33*j**2 - 6*j - 8. Let f be s(-3). What is the greatest common factor of f and 92?
92
Suppose -4*z + 493 = 77. What is the greatest common factor of 1378 and z?
26
Suppose 74*a - 72*a = -2*x - 10, 3*x = -a - 1. Let j be 18/117 + 1220/13. Calculate the highest common divisor of x and j.
2
Let u be 3/((-12)/(-194))*2. Suppose -3*a = -4*t - 113, -3*a - t + u = 3*t. Calculate the highest common divisor of a and 385.
35
Suppose -r = -5*v + 23970, -3*v + 14382 = 26*r - 28*r. What is the highest common divisor of v and 306?
102
Let v be 2 + 15/(-2)*(-1)/(-2)*-56. What is the highest common divisor of v and 477?
53
Suppose -3575 = -58*m - 238 + 259. Calculate the highest common factor of m and 76.
2
Let d = 213 + -148. Let g be (-696)/(-44) + 2/11. Let b be 1*11 - (g + -18). Calculate the highest common divisor of b and d.
13
Let j be ((-8)/(-24))/((-2)/(-294)). Suppose 0 = 4*a - 3*a + 3*o + 277, 5*o = 10. Let n = a - -290. What is the greatest common factor of j and n?
7
Let o be 10/(-4) + 17893/58. Let k be (o/(-15))/(((-54)/15)/9). Calculate the highest common divisor of 663 and k.
51
Let s(t) = 3*t**2 - 31*t - 16. Let g be s(14). Let w be (-9)/(27/g)*(-1)/(-2). Let h = w + 63. What is the highest common factor of h and 40?
40
Suppose 5*j - 104 = -29. Suppose 2 + 46 = 3*b - f, b + 3*f - 6 = 0. Calculate the highest common divisor of b and j.
15
Let b be ((-63)/6)/((-30)/40). Let r(p) = 45*p - 347. Let m be r(13). Calculate the highest common factor of b and m.
14
Suppose 0 = 346*m - 151631 + 128103. Let f = 219 + -66. Calculate the highest common factor of f and m.
17
Suppose -8*s + 330 = -2*s. Suppose -s - 65 = -10*y. Calculate the highest common divisor of 16 and y.
4
Suppose 0 = x - 29*s + 27*s - 25, 4*x + s - 37 = 0. Let a = 46 - -42. What is the highest common divisor of x and a?
11
Suppose 5*p = 2*p + 45. Suppose -3*y + 24 = 3*f, 100*f - 1120 - 904 = 2*y. Calculate the highest common factor of p and f.
5
Suppose 4173 + 1371 = 99*j. Calculate the highest common factor of 42 and j.
14
Let j(l) = -l**3 + 87*l**2 + 384*l + 327. Let w be j(91). Calculate the greatest common factor of w and 19.
19
Let h(f) = f**3 + 55*f**2 - 19*f - 255. Let p be h(-55). What is the greatest common factor of p and 30?
10
Let z be 63/(-105) - (-13)/5. Suppose 5*f - 93 = -z*l, -5*l + 153 = -l - f. Let a = -13 + l. Calculate the highest common divisor of 26 and a.
26
Let a(z) = 2*z**2 - 46*z - 25. Let v be a(19). Let w = 189 + v. What is the highest common divisor of 18 and w?
6
Let q be 8/(-10)*3*(-40)/48. Suppose 0 = 4*w - 3*b - 18, q*w + 0*w = -b + 14. What is the highest common divisor of 16 and w?
2
Suppose -295 + 10151 = -32*b. Let r = b + 347. What is the greatest common divisor of 741 and r?
39
Let t(w) = -27*w + 10. Let i(z) = -28*z + 9. Let u(m) = -5*i(m) + 6*t(m). Let k be u(-7). Let y = -516 - -529. What is the greatest common divisor of k and y?
13
Suppose -3*d - 238 = y - 740, 2484 = 5*y + 2*d. Calculate the greatest common factor of 144 and y.
16
Let n = -520 + 348. Let a = 252 + n. Let d be ((-1)/(-3))/(2/60). What is the greatest common divisor of d and a?
10
Let l be (5/2)/((-17)/(-34)). Let s(i) = -i**3 + 6*i**2 + 19*i - 18. Let g be s(8). Suppose g - 111 = -l*r. Calculate the highest common divisor of r and 14.
7
Suppose 24*o = 29*o - 25. Let d be o*(21/(-9) + 2)*9. Let l be (-20)/d*3*2. What is the greatest common factor of l and 72?
8
Let g be (2 - (-166)/6) + (-2)/(-6). Let k be g*1/5*65/(-26). Let y(t) = t**2 + 15*t + 10. Let s be y(k). Calculate the highest common divisor of s and 160.
10
Let d = -28 + 64. Let q be (4/(-22) + (-1274)/(-231))/((-2494)/(-3741)). What is the greatest common factor of q and d?
4
Let h(b) = -b**2 - 7*b - 19. Let p be h(14). Let i = p - -334. Calculate the highest common factor of i and 24.
3
Suppose -4*w - 4*g - 124 + 152 = 0, -5*w + 5*g + 55 = 0. Calculate the greatest common factor of w and 3141.
9
Suppose -5*v + 160 = 5*b, -52 = -4*v + b + 51. Let l be (-90)/v*(1 + -4). Calculate the highest common divisor of l and 2.
2
Let c = -2386 + 2402. Calculate the greatest common factor of 2216 and c.
8
Let b(r) = -87*r - 53. Let h be b(-1). What is the greatest common divisor of h and 68?
34
Let u = -2 + 5. Let q be (5 - u)/((-2)/14*-2). Suppose -8*y + 30 = -q*y. What is the highest common factor of 150 and y?
30
Suppose -20748 = -908*w + 752*w. Calculate the highest common divisor of w and 8189.
19
Let f = -51 + 88. Let c = -35 + f. Suppose c*o - 2*j = -6*j + 6, j = 4*o - 30. What is the highest common divisor of o and 77?
7
Let w be 0 + 3 + 1 + -1. Let p = -830 - -863. What is the greatest common divisor of p and w?
3
Let s